{"id":1267,"date":"2022-01-19T14:30:55","date_gmt":"2022-01-19T14:18:51","guid":{"rendered":"https:\/\/shop.pranichealing.ch\/produkt\/vater-unser\/"},"modified":"2022-02-10T17:38:27","modified_gmt":"2022-02-10T16:38:27","slug":"vater-unser-2","status":"publish","type":"product","link":"https:\/\/shop.pranichealing.ch\/fr\/produkt\/vater-unser-2\/","title":{"rendered":"Meditation zum Vater Unser"},"content":{"rendered":"<p>Die Vater Unser\/Unser Vater Meditation ordnet allen elf Hauptchakras (Energiezentren unseres feinstofflichen K\u00f6rpers) bestimmten Phrasen dieses Gebetes und den Sephiroth des kabbalistischen Lebensbaumes zu.<\/p>\n<ul>\n<li>Reinigen, Energetisieren und Aktivieren der Chakras<\/li>\n<li>Erlangen von innerem Frieden und innerem Gleichgewicht<\/li>\n<\/ul>\n<p>Durch diese Meditation wird ein tieferes Verst\u00e4ndnis f\u00fcr den Inhalt dieses vorchristlichen Gebets entwickelt. (Englisch mit deutscher Konsekutiv-\u00dcbersetzung)<\/p>\n<p>&nbsp;<\/p>\n","protected":false},"excerpt":{"rendered":"<p>Die Vater Unser\/Unser Vater Meditation ordnet allen elf Hauptchakras (Energiezentren unseres feinstofflichen K\u00f6rpers) bestimmten Phrasen dieses Gebetes und den Sephiroth des kabbalistischen Lebensbaumes zu. Reinigen, Energetisieren und Aktivieren der Chakras Erlangen von innerem Frieden und innerem Gleichgewicht Durch diese Meditation wird ein tieferes Verst\u00e4ndnis f\u00fcr den Inhalt dieses vorchristlichen Gebets entwickelt. (Englisch mit deutscher Konsekutiv-\u00dcbersetzung)&hellip; <a class=\"more-link\" href=\"https:\/\/shop.pranichealing.ch\/fr\/produkt\/vater-unser-2\/\">Poursuivre la lecture <span class=\"screen-reader-text\">Meditation zum Vater Unser<\/span><\/a><\/p>\n","protected":false},"featured_media":844,"template":"","meta":{"inline_featured_image":false},"product_brand":[],"product_cat":[53,65],"product_tag":[],"class_list":{"0":"post-1267","1":"product","2":"type-product","3":"status-publish","4":"has-post-thumbnail","6":"product_cat-cds-fr","7":"product_cat-de-fr","8":"entry","10":"first","11":"instock","12":"taxable","13":"shipping-taxable","14":"purchasable","15":"product-type-simple"},"yoast_head":"<!-- This site is optimized with the Yoast SEO plugin v27.3 - https:\/\/yoast.com\/product\/yoast-seo-wordpress\/ -->\n<title>Meditation zum Vater Unser - Institut Pranic Healing Suisse<\/title>\n<meta name=\"description\" content=\"Kabbalistische und universelle Meditation zum VATER UNSER.\" \/>\n<meta name=\"robots\" content=\"index, follow, max-snippet:-1, max-image-preview:large, max-video-preview:-1\" \/>\n<link rel=\"canonical\" href=\"https:\/\/shop.pranichealing.ch\/fr\/produkt\/vater-unser-2\/\" \/>\n<meta property=\"og:locale\" content=\"fr_FR\" \/>\n<meta property=\"og:type\" content=\"article\" \/>\n<meta property=\"og:title\" content=\"Meditation zum Vater Unser - Institut Pranic Healing Suisse\" \/>\n<meta property=\"og:description\" content=\"Kabbalistische und universelle Meditation zum VATER UNSER.\" \/>\n<meta property=\"og:url\" content=\"https:\/\/shop.pranichealing.ch\/fr\/produkt\/vater-unser-2\/\" \/>\n<meta property=\"og:site_name\" content=\"Institut Pranic Healing Suisse\" \/>\n<meta property=\"article:modified_time\" content=\"2022-02-10T16:38:27+00:00\" \/>\n<meta property=\"og:image\" content=\"https:\/\/shop.pranichealing.ch\/wp-content\/uploads\/2022\/01\/CD_Meditation-zum-Vater-Unser-1.jpg\" \/>\n\t<meta property=\"og:image:width\" content=\"827\" \/>\n\t<meta property=\"og:image:height\" content=\"800\" \/>\n\t<meta property=\"og:image:type\" content=\"image\/jpeg\" \/>\n<meta name=\"twitter:card\" content=\"summary_large_image\" \/>\n<script type=\"application\/ld+json\" class=\"yoast-schema-graph\">{\"@context\":\"https:\\\/\\\/schema.org\",\"@graph\":[{\"@type\":\"WebPage\",\"@id\":\"https:\\\/\\\/shop.pranichealing.ch\\\/fr\\\/produkt\\\/vater-unser-2\\\/\",\"url\":\"https:\\\/\\\/shop.pranichealing.ch\\\/fr\\\/produkt\\\/vater-unser-2\\\/\",\"name\":\"Meditation zum Vater Unser - Institut Pranic Healing Suisse\",\"isPartOf\":{\"@id\":\"https:\\\/\\\/shop.pranichealing.ch\\\/fr\\\/#website\"},\"primaryImageOfPage\":{\"@id\":\"https:\\\/\\\/shop.pranichealing.ch\\\/fr\\\/produkt\\\/vater-unser-2\\\/#primaryimage\"},\"image\":{\"@id\":\"https:\\\/\\\/shop.pranichealing.ch\\\/fr\\\/produkt\\\/vater-unser-2\\\/#primaryimage\"},\"thumbnailUrl\":\"https:\\\/\\\/shop.pranichealing.ch\\\/wp-content\\\/uploads\\\/2022\\\/01\\\/CD_Meditation-zum-Vater-Unser-1.jpg\",\"datePublished\":\"2022-01-19T14:18:51+00:00\",\"dateModified\":\"2022-02-10T16:38:27+00:00\",\"description\":\"Kabbalistische und universelle Meditation zum VATER UNSER.\",\"breadcrumb\":{\"@id\":\"https:\\\/\\\/shop.pranichealing.ch\\\/fr\\\/produkt\\\/vater-unser-2\\\/#breadcrumb\"},\"inLanguage\":\"fr-FR\",\"potentialAction\":[{\"@type\":\"ReadAction\",\"target\":[\"https:\\\/\\\/shop.pranichealing.ch\\\/fr\\\/produkt\\\/vater-unser-2\\\/\"]}]},{\"@type\":\"ImageObject\",\"inLanguage\":\"fr-FR\",\"@id\":\"https:\\\/\\\/shop.pranichealing.ch\\\/fr\\\/produkt\\\/vater-unser-2\\\/#primaryimage\",\"url\":\"https:\\\/\\\/shop.pranichealing.ch\\\/wp-content\\\/uploads\\\/2022\\\/01\\\/CD_Meditation-zum-Vater-Unser-1.jpg\",\"contentUrl\":\"https:\\\/\\\/shop.pranichealing.ch\\\/wp-content\\\/uploads\\\/2022\\\/01\\\/CD_Meditation-zum-Vater-Unser-1.jpg\",\"width\":827,\"height\":800},{\"@type\":\"BreadcrumbList\",\"@id\":\"https:\\\/\\\/shop.pranichealing.ch\\\/fr\\\/produkt\\\/vater-unser-2\\\/#breadcrumb\",\"itemListElement\":[{\"@type\":\"ListItem\",\"position\":1,\"name\":\"Startseite\",\"item\":\"https:\\\/\\\/shop.pranichealing.ch\\\/fr\\\/livres\\\/\"},{\"@type\":\"ListItem\",\"position\":2,\"name\":\"Boutique\",\"item\":\"https:\\\/\\\/shop.pranichealing.ch\\\/fr\\\/boutique\\\/\"},{\"@type\":\"ListItem\",\"position\":3,\"name\":\"Meditation zum Vater Unser\"}]},{\"@type\":\"WebSite\",\"@id\":\"https:\\\/\\\/shop.pranichealing.ch\\\/fr\\\/#website\",\"url\":\"https:\\\/\\\/shop.pranichealing.ch\\\/fr\\\/\",\"name\":\"Institut Pranic Healing Suisse\",\"description\":\"Onlineshop\",\"publisher\":{\"@id\":\"https:\\\/\\\/shop.pranichealing.ch\\\/fr\\\/#organization\"},\"potentialAction\":[{\"@type\":\"SearchAction\",\"target\":{\"@type\":\"EntryPoint\",\"urlTemplate\":\"https:\\\/\\\/shop.pranichealing.ch\\\/fr\\\/?s={search_term_string}\"},\"query-input\":{\"@type\":\"PropertyValueSpecification\",\"valueRequired\":true,\"valueName\":\"search_term_string\"}}],\"inLanguage\":\"fr-FR\"},{\"@type\":\"Organization\",\"@id\":\"https:\\\/\\\/shop.pranichealing.ch\\\/fr\\\/#organization\",\"name\":\"Institut Pranic Healing Suisse\",\"url\":\"https:\\\/\\\/shop.pranichealing.ch\\\/fr\\\/\",\"logo\":{\"@type\":\"ImageObject\",\"inLanguage\":\"fr-FR\",\"@id\":\"https:\\\/\\\/shop.pranichealing.ch\\\/fr\\\/#\\\/schema\\\/logo\\\/image\\\/\",\"url\":\"https:\\\/\\\/shop.pranichealing.ch\\\/wp-content\\\/uploads\\\/2022\\\/02\\\/iphs.svg\",\"contentUrl\":\"https:\\\/\\\/shop.pranichealing.ch\\\/wp-content\\\/uploads\\\/2022\\\/02\\\/iphs.svg\",\"width\":416,\"height\":84,\"caption\":\"Institut Pranic Healing Suisse\"},\"image\":{\"@id\":\"https:\\\/\\\/shop.pranichealing.ch\\\/fr\\\/#\\\/schema\\\/logo\\\/image\\\/\"}}]}<\/script>\n<!-- \/ Yoast SEO plugin. -->","yoast_head_json":{"title":"Meditation zum Vater Unser - Institut Pranic Healing Suisse","description":"Kabbalistische und universelle Meditation zum VATER UNSER.","robots":{"index":"index","follow":"follow","max-snippet":"max-snippet:-1","max-image-preview":"max-image-preview:large","max-video-preview":"max-video-preview:-1"},"canonical":"https:\/\/shop.pranichealing.ch\/fr\/produkt\/vater-unser-2\/","og_locale":"fr_FR","og_type":"article","og_title":"Meditation zum Vater Unser - Institut Pranic Healing Suisse","og_description":"Kabbalistische und universelle Meditation zum VATER UNSER.","og_url":"https:\/\/shop.pranichealing.ch\/fr\/produkt\/vater-unser-2\/","og_site_name":"Institut Pranic Healing Suisse","article_modified_time":"2022-02-10T16:38:27+00:00","og_image":[{"width":827,"height":800,"url":"https:\/\/shop.pranichealing.ch\/wp-content\/uploads\/2022\/01\/CD_Meditation-zum-Vater-Unser-1.jpg","type":"image\/jpeg"}],"twitter_card":"summary_large_image","schema":{"@context":"https:\/\/schema.org","@graph":[{"@type":"WebPage","@id":"https:\/\/shop.pranichealing.ch\/fr\/produkt\/vater-unser-2\/","url":"https:\/\/shop.pranichealing.ch\/fr\/produkt\/vater-unser-2\/","name":"Meditation zum Vater Unser - Institut Pranic Healing Suisse","isPartOf":{"@id":"https:\/\/shop.pranichealing.ch\/fr\/#website"},"primaryImageOfPage":{"@id":"https:\/\/shop.pranichealing.ch\/fr\/produkt\/vater-unser-2\/#primaryimage"},"image":{"@id":"https:\/\/shop.pranichealing.ch\/fr\/produkt\/vater-unser-2\/#primaryimage"},"thumbnailUrl":"https:\/\/shop.pranichealing.ch\/wp-content\/uploads\/2022\/01\/CD_Meditation-zum-Vater-Unser-1.jpg","datePublished":"2022-01-19T14:18:51+00:00","dateModified":"2022-02-10T16:38:27+00:00","description":"Kabbalistische und universelle Meditation zum VATER UNSER.","breadcrumb":{"@id":"https:\/\/shop.pranichealing.ch\/fr\/produkt\/vater-unser-2\/#breadcrumb"},"inLanguage":"fr-FR","potentialAction":[{"@type":"ReadAction","target":["https:\/\/shop.pranichealing.ch\/fr\/produkt\/vater-unser-2\/"]}]},{"@type":"ImageObject","inLanguage":"fr-FR","@id":"https:\/\/shop.pranichealing.ch\/fr\/produkt\/vater-unser-2\/#primaryimage","url":"https:\/\/shop.pranichealing.ch\/wp-content\/uploads\/2022\/01\/CD_Meditation-zum-Vater-Unser-1.jpg","contentUrl":"https:\/\/shop.pranichealing.ch\/wp-content\/uploads\/2022\/01\/CD_Meditation-zum-Vater-Unser-1.jpg","width":827,"height":800},{"@type":"BreadcrumbList","@id":"https:\/\/shop.pranichealing.ch\/fr\/produkt\/vater-unser-2\/#breadcrumb","itemListElement":[{"@type":"ListItem","position":1,"name":"Startseite","item":"https:\/\/shop.pranichealing.ch\/fr\/livres\/"},{"@type":"ListItem","position":2,"name":"Boutique","item":"https:\/\/shop.pranichealing.ch\/fr\/boutique\/"},{"@type":"ListItem","position":3,"name":"Meditation zum Vater Unser"}]},{"@type":"WebSite","@id":"https:\/\/shop.pranichealing.ch\/fr\/#website","url":"https:\/\/shop.pranichealing.ch\/fr\/","name":"Institut Pranic Healing Suisse","description":"Onlineshop","publisher":{"@id":"https:\/\/shop.pranichealing.ch\/fr\/#organization"},"potentialAction":[{"@type":"SearchAction","target":{"@type":"EntryPoint","urlTemplate":"https:\/\/shop.pranichealing.ch\/fr\/?s={search_term_string}"},"query-input":{"@type":"PropertyValueSpecification","valueRequired":true,"valueName":"search_term_string"}}],"inLanguage":"fr-FR"},{"@type":"Organization","@id":"https:\/\/shop.pranichealing.ch\/fr\/#organization","name":"Institut Pranic Healing Suisse","url":"https:\/\/shop.pranichealing.ch\/fr\/","logo":{"@type":"ImageObject","inLanguage":"fr-FR","@id":"https:\/\/shop.pranichealing.ch\/fr\/#\/schema\/logo\/image\/","url":"https:\/\/shop.pranichealing.ch\/wp-content\/uploads\/2022\/02\/iphs.svg","contentUrl":"https:\/\/shop.pranichealing.ch\/wp-content\/uploads\/2022\/02\/iphs.svg","width":416,"height":84,"caption":"Institut Pranic Healing Suisse"},"image":{"@id":"https:\/\/shop.pranichealing.ch\/fr\/#\/schema\/logo\/image\/"}}]}},"_links":{"self":[{"href":"https:\/\/shop.pranichealing.ch\/fr\/wp-json\/wp\/v2\/product\/1267","targetHints":{"allow":["GET"]}}],"collection":[{"href":"https:\/\/shop.pranichealing.ch\/fr\/wp-json\/wp\/v2\/product"}],"about":[{"href":"https:\/\/shop.pranichealing.ch\/fr\/wp-json\/wp\/v2\/types\/product"}],"wp:featuredmedia":[{"embeddable":true,"href":"https:\/\/shop.pranichealing.ch\/fr\/wp-json\/wp\/v2\/media\/844"}],"wp:attachment":[{"href":"https:\/\/shop.pranichealing.ch\/fr\/wp-json\/wp\/v2\/media?parent=1267"}],"wp:term":[{"taxonomy":"product_brand","embeddable":true,"href":"https:\/\/shop.pranichealing.ch\/fr\/wp-json\/wp\/v2\/product_brand?post=1267"},{"taxonomy":"product_cat","embeddable":true,"href":"https:\/\/shop.pranichealing.ch\/fr\/wp-json\/wp\/v2\/product_cat?post=1267"},{"taxonomy":"product_tag","embeddable":true,"href":"https:\/\/shop.pranichealing.ch\/fr\/wp-json\/wp\/v2\/product_tag?post=1267"}],"curies":[{"name":"wp","href":"https:\/\/api.w.org\/{rel}","templated":true}]}}

<p>Die Vater Unser/Unser Vater Meditation ordnet allen elf Hauptchakras (Energiezentren unseres feinstofflichen Körpers) bestimmten Phrasen dieses Gebetes und den Sephiroth des kabbalistischen Lebensbaumes zu.</p>
<ul>
<li>Reinigen, Energetisieren und Aktivieren der Chakras</li>
<li>Erlangen von innerem Frieden und innerem Gleichgewicht</li>
</ul>
<p>Durch diese Meditation wird ein tieferes Verständnis für den Inhalt dieses vorchristlichen Gebets entwickelt. (Englisch mit deutscher Konsekutiv-Übersetzung)</p>
<p>&nbsp;</p>

<p>Die Vater Unser/Unser Vater Meditation ordnet allen elf Hauptchakras (Energiezentren unseres feinstofflichen Körpers) bestimmten Phrasen dieses Gebetes und den Sephiroth des kabbalistischen Lebensbaumes zu. Reinigen, Energetisieren und Aktivieren der Chakras Erlangen von innerem Frieden und innerem Gleichgewicht Durch diese Meditation wird ein tieferes Verständnis für den Inhalt dieses vorchristlichen Gebets entwickelt. (Englisch mit deutscher Konsekutiv-Übersetzung)&hellip; <a class="more-link" href="https://shop.pranichealing.ch/fr/produkt/vater-unser-2/">Poursuivre la lecture <span class="screen-reader-text">Meditation zum Vater Unser</span></a></p>
